101100 + -1000?
-1001101000001110100
In base 14, what is 30 - 4a3?
-473
In base 5, what is 0 - -310000?
310000
In base 6, what is 1140 + -323?
413
In base 13, what is -105 - -1092c?
10827
In base 15, what is cbb9 + 1?
cbba
In base 4, what is -1223202102 + -1?
-1223202103
In base 14, what is -19681a + 5?
-196815
In base 6, what is 25 + 2401520?
2401545
In base 16, what is -199 - 403e?
-41d7
In base 14, what is 1913 + 76?
1989
In base 13, what is -1 - -1cacc0?
1cacbc
In base 2, what is 10011110111010110 + -1111?
10011110111000111
In base 5, what is -2131 - 244?
-2430
In base 7, what is -1 - -100035?
100034
In base 8, what is 203570 - -6?
203576
In base 9, what is 2 + -67420?
-67417
In base 11, what is -35945 + 0?
-35945
In base 8, what is -231 + 1315?
1064
In base 7, what is 41006 - -142?
41151
In base 10, what is 3 - -110357?
110360
In base 13, what is -3a85b - 4?
-3a862
In base 2, what is 1110101101001110101010 - 10?
1110101101001110101000
In base 3, what is -211112011 - 0?
-211112011
In base 4, what is 220023303 - 3?
220023300
In base 8, what is -2 - -2135653?
2135651
In base 5, what is 0 + -132132?
-132132
In base 9, what is 1522 - 45?
1466
In base 3, what is -1120002112 + 10?
-1120002102
In base 11, what is -25a + a?
-250
In base 7, what is -6444 - 21?
-6465
In base 16, what is 119e - -5c?
11fa
In base 16, what is 1 - 7dbd?
-7dbc
In base 16, what is 60 - 4285?
-4225
In base 6, what is 1232 + 105?
1341
In base 2, what is -100011011 + -1001110001111?
-1010010101010
In base 6, what is -1 + 121553?
121552
In base 3, what is -112002101 - 2222?
-112012100
In base 10, what is 106 - -36?
142
In base 10, what is -306985 - -2?
-306983
In base 10, what is -23535 + -135?
-23670
In base 9, what is -1508 - -14?
-1484
In base 12, what is -129 + -8773?
-88a0
In base 7, what is -4 + 2461505?
2461501
In base 10, what is -4536 - 438?
-4974
In base 13, what is -58 - -a8?
50
In base 14, what is -3742 - -2?
-3740
In base 11, what is 1283 - -3?
1286
In base 4, what is 10220322 + 133?
10221121
In base 16, what is 37dc08 + -1?
37dc07
In base 13, what is -57ba - 7?
-57c4
In base 11, what is -4 - -22580?
22577
In base 3, what is 1201 - 101112210?
-101111002
In base 9, what is 0 - 14767?
-14767
In base 12, what is 456b0 - 4?
456a8
In base 9, what is 403820 - 23?
403786
In base 2, what is 110 + -1000111001110111?
-1000111001110001
In base 2, what is -10011001 + -10100?
-10101101
In base 12, what is -2bb + 491?
192
In base 16, what is 866 - 254?
612
In base 15, what is -8b28d - -4?
-8b289
In base 3, what is -100011101 - 2?
-100011110
In base 2, what is 11000100101101 + 1?
11000100101110
In base 5, what is 3 + 12202401?
12202404
In base 3, what is 2000110020200 + -10?
2000110020120
In base 2, what is 1 - -1100011010000?
1100011010001
In base 13, what is 3 + 344a3?
344a6
In base 6, what is -143 + -1424?
-2011
In base 6, what is 210505 + -112?
210353
In base 14, what is -34 + 670?
63a
In base 13, what is -a2393 - -b?
-a2385
In base 11, what is -1101 + -3?
-1104
In base 14, what is -326a21 - -4?
-326a1b
In base 11, what is -2 + 14995?
14993
In base 8, what is 1 - 6225?
-6224
In base 4, what is -100 - -2123200?
2123100
In base 7, what is -42 + 5614?
5542
In base 3, what is -1 - 211022200?
-211022201
In base 13, what is 27a + -3a?
240
In base 11, what is 250 + 7?
257
In base 10, what is -385 + 2143?
1758
In base 14, what is -2 + -2abdd?
-2ac01
In base 15, what is -433dc5 - -2?
-433dc3
In base 16, what is 1 + -821b?
-821a
In base 16, what is 10 - 283?
-273
In base 15, what is -ce + -199a?
-1a79
In base 3, what is -202012120 - 10?
-202012200
In base 9, what is 12754 + 3?
12757
In base 6, what is -24510 + 215?
-24251
In base 10, what is 5 + -2211?
-2206
In base 6, what is -134 + -3201?
-3335
In base 12, what is -4 + -15768?
-15770
In base 16, what is -1238 + 2?
-1236
In base 11, what is 899 - 98a?
-a1
In base 7, what is -35125 + -53?
-35211
In base 4, what is 233020032 + -11?
233020021
In base 12, what is 1058878 + -3?
1058875
In base 4, what is -2110 + -11333?
-20103
In base 4, what is 222 + -10310112?
-10303230
In base 13, what is -b - -5c0?
5b2
In base 13, what is -1218 + b?
-120a
In base 8, what is 1207306 - 1?
1207305
In base 15, what is 11 + 13568?
13579
In base 10, what is 76 + -198?
-122
In base 15, what is 133 - -1798?
18cb
In base 14, what is a40d + 9?
a418
In base 4, what is -2120000 + -11?
-2120011
In base 3, what is -210220 + 1010201?
22211
In base 8, what is 2177 + 11?
2210
In base 9, what is 10122 - 532?
8480
In base 9, what is 2 - 113130?
-113127
In base 16, what is -1a1 + 504?
363
In base 12, what is 24 + -1091?
-1069
In base 7, what is 1426041 - 1?
1426040
In base 10, what is 48992 - -4?
48996
In base 4, what is 3302131203 - 2?
3302131201
In base 14, what is -22 + -271d?
-2741
In base 3, what is 11 + -101120?
-101102
In base 11, what is -2 - 64114?
-64116
In base 10, what is -3 + 35949?
35946
In base 13, what is 30 + 72c?
75c
In base 5, what is 1043001 - -441?
1043442
In base 9, what is -1834 - 8?
-1843
In base 2, what is -101 - -10000100111?
10000100010
In base 16, what is -317 - -643?
32c
In base 13, what is a03384 - 4?
a03380
In base 13, what is -2 + -9673?
-9675
In base 16, what is -c4 - -305?
241
In base 10, what is 132 - -1299?
1431
In base 11, what is 322770 - 9?
322762
In base 4, what is 10 - 1330210?
-1330200
In base 11, what is -115 + -595?
-6aa
In base 3, what is -1021121101120111 - -10?
-1021121101120101
In base 3, what is 10 - 1011202011001?
-1011202010221
In base 15, what is 83 + 248?
2cb
In base 15, what is 2a + -1aa?
-180
In base 8, what is 1167021 + -24?
1166775
In base 8, what is 123 + -40171?
-40046
In base 8, what is -1306 + -421?
-1727
In base 7, what is 4 - -51260?
51264
In base 4, what is 20 + -200001?
-133321
In base 5, what is 1243322 - 2?
1243320
In base 11, what is -167 + 242?
86
In base 14, what is 40 - 157b9?
-15779
In base 9, what is -26120745 + -4?
-26120750
In base 5, what is 440 + -34?
401
In base 7, what is -4 - -21664?
21660
In base 3, what is -2 - 122011212?
-122011221
In base 16, what is -27b5 + 82?
-2733
In base 3, what is 0 - -1222020?
1222020
In base 4, what is -100112102 + 1?
-100112101
In base 8, what is -30 - -161401?
161351
In base 4, what is 103320331 + -1?
103320330
In base 16, what is d + 85f?
86c
In base 7, what is 253 - -624?
1210
In base 7, what is -2 + -1144630?
-1144632
In base 7, what is -540025 - 1?
-540026
In base 8, what is -4 - -667553?
667547
In base 4, what is -11120232 + 102?
-11120130
In base 8, what is 246 - 36?
210
In base 6, what is -1341 - -131?
-1210
In base 16, what is 6288 - -4a?
62d2
In base 16, what is -39 - -360?
327
In base 16, what is -2 - -4b9?
4b7
In base 4, what is -2 + -2113023302?
-2113023310
In base 16, what is -7cb2a2 - -5?
-7cb29d
In base 6, what is -11354 + 155?
-11155
In base 16, what is 5953 + 5?
5958
In base 11, what is -62568 + 4?
-62564
In base 7, what is 21 - -316060?
316111
In base 3, what is 10 + -1002222202?
-1002222122
In base 16, what is -3 - -4d59?
4d56
In base 10, what is 30 - 860?
-830
In base 12, what is -aa + 200?
112
In base 7, what is 1 - -2303?
2304
In base 8, what is 13151555 - -1?
13151556
In base 2, what is -1111001010 - 1001011000?
-11000100010
In base 4, what is 1121323 + 2101?
1130030
In base 3, what is -212222 + 120?
-212102
In base 5, what is 331434013 + 3?
331434021
In base 6, what is -5021 - 250?
-5311
In base 3, what is -220001211120 - 10?
-220001211200
In base 10, what is 38153 + 0?
38153
In base 7, what is -2 + -15036615?
-15036620
In base 11, what is -22658 + 23?
-22635
In base 14, what is -dc - 60?
-15c
In base 13, what is 2b - -c96?
cc4
In base 16, what is 236 - 22?
214
In base 9, what is 7211 + 0?
7211
In base 16, what is 8b34 + 4?
8b38
In base 3, what is -12 + 201121210?
201121121
In base 10, what is -31448 + 20?
-31428
In base 11, what is 893 + 56?
939
In base 3, what is -10102100022 - -100?
-10102022222
In base 6, what is -2533 - -44?
-2445
In base 15, what is -44b - 2?
-44d
In base 10, what is -5 - 8053?
-8058
In base 4, what is -313 - -10020301?
10013322
In base 9, what is 58 + -33?
25
In base 6, what is -41004 + -242?
-41250
In base 14, what is 90 + 1080?
1130
In base 13, what is 36978 + 1?
36979
In base 3, what is -221221 + -121101?
